{"id":52,"date":"2024-04-19T16:16:02","date_gmt":"2024-04-19T16:16:02","guid":{"rendered":"https:\/\/eiksmarkagarasjer.no\/?page_id=52"},"modified":"2024-04-23T19:38:00","modified_gmt":"2024-04-23T19:38:00","slug":"historie","status":"publish","type":"page","link":"https:\/\/eiksmarkagarasjer.no\/index.php\/historie\/","title":{"rendered":"Historie"},"content":{"rendered":"<p>Navnet Eiksmarka kommer fra Eiks g\u00e5rd, og dette g\u00e5rdsnavnet kommer sannsynligvis av det vokste\u00a0eik\u00a0i Omr\u00e5de. Eik g\u00e5rd ble f\u00f8rst omtalt p\u00e5 1300-tallet i Oslobiskop\u00a0Eystein Aslakssons\u00a0jordebok. Eik g\u00e5rd ble en del av det mektige\u00a0Bogstad-godset\u00a0i 1670 da\u00a0Peder Nielsen Leuch\u00a0overtok godset. G\u00e5rden byttet eiere flere ganger under de f\u00f8lgende seklene og havnet til slutt under\u00a0L\u00f8venskiold-familien. Det var L\u00f8venskiold-familien som solgte Eiksmarka til utbygging p\u00e5 1940-tallet.<\/p>\n<p>L\u00f8venskiold utlyste en arkitektkonkurranse i 1946 da stedet skulle reguleres. Utbyggingen begynte omkring 1950 og gikk i rask takt. Allerede 1. desember 1950 fantes det 400 innbyggere, og i februar 1954 hadde det \u00f8kt til 1500-2000 innbyggere.<\/p>\n<p>Garasjene som Eiksmarka Garasjer eier ble bygget rundt 1955 og det er forsatt de originale garasjene som st\u00e5r der i dag. (2024). Eiksmarka er et popul\u00e6rt boligomr\u00e5de i B\u00e6rum. N\u00e6rhet til skoler som Eiksmarka barneskole, \u00d8ster\u00e5s ungdomsskole og Eikeli videreg\u00e5ende skole har bidratt til at mange barnefamilier har anskaffet bolig her. Det ansl\u00e5s at Eiksmarka har hatt en \u00e5rlig \u00f8kning i antall innbyggere p\u00e5 om lag 2,4 %.<\/p>\n","protected":false},"excerpt":{"rendered":"<p>Navnet Eiksmarka kommer fra Eiks g\u00e5rd, og dette g\u00e5rdsnavnet kommer sannsynligvis av det vokste\u00a0eik\u00a0i Omr\u00e5de. Eik g\u00e5rd ble f\u00f8rst omtalt p\u00e5 1300-tallet i Oslobiskop\u00a0Eystein Aslakssons\u00a0jordebok. Eik g\u00e5rd ble en del av det mektige\u00a0Bogstad-godset\u00a0i 1670 da\u00a0Peder Nielsen Leuch\u00a0overtok godset. G\u00e5rden byttet eiere flere ganger under de f\u00f8lgende seklene og havnet til slutt under\u00a0L\u00f8venskiold-familien. Det var L\u00f8venskiold-familien [&hellip;]<\/p>\n","protected":false},"author":1,"featured_media":0,"parent":0,"menu_order":0,"comment_status":"closed","ping_status":"closed","template":"","meta":{"footnotes":""},"class_list":["post-52","page","type-page","status-publish","hentry"],"jetpack_sharing_enabled":true,"_links":{"self":[{"href":"https:\/\/eiksmarkagarasjer.no\/index.php\/wp-json\/wp\/v2\/pages\/52","targetHints":{"allow":["GET"]}}],"collection":[{"href":"https:\/\/eiksmarkagarasjer.no\/index.php\/wp-json\/wp\/v2\/pages"}],"about":[{"href":"https:\/\/eiksmarkagarasjer.no\/index.php\/wp-json\/wp\/v2\/types\/page"}],"author":[{"embeddable":true,"href":"https:\/\/eiksmarkagarasjer.no\/index.php\/wp-json\/wp\/v2\/users\/1"}],"replies":[{"embeddable":true,"href":"https:\/\/eiksmarkagarasjer.no\/index.php\/wp-json\/wp\/v2\/comments?post=52"}],"version-history":[{"count":3,"href":"https:\/\/eiksmarkagarasjer.no\/index.php\/wp-json\/wp\/v2\/pages\/52\/revisions"}],"predecessor-version":[{"id":99,"href":"https:\/\/eiksmarkagarasjer.no\/index.php\/wp-json\/wp\/v2\/pages\/52\/revisions\/99"}],"wp:attachment":[{"href":"https:\/\/eiksmarkagarasjer.no\/index.php\/wp-json\/wp\/v2\/media?parent=52"}],"curies":[{"name":"wp","href":"https:\/\/api.w.org\/{rel}","templated":true}]}}